n factor of 15718 and 69774.
58
Calculate the highest common factor of 324 and 15852.
12
Calculate the highest common factor of 47700 and 552.
12
What is the highest common factor of 55321 and 637?
49
Calculate the greatest common factor of 220893 and 348.
87
What is the highest common factor of 108451 and 7?
7
Calculate the greatest common factor of 801 and 1614549.
267
Calculate the greatest common factor of 11957 and 781.
11
Calculate the highest common factor of 8946 and 23310.
126
Calculate the highest common divisor of 36 and 5732.
4
What is the greatest common divisor of 1219 and 13621?
53
What is the highest common divisor of 182 and 569744?
14
Calculate the highest common divisor of 63255 and 1155.
15
Calculate the highest common factor of 38310 and 645.
15
Calculate the greatest common factor of 108317 and 5496.
229
Calculate the highest common factor of 6643 and 140959.
91
What is the greatest common factor of 1155578 and 17744?
2218
Calculate the highest common factor of 1857 and 836269.
619
Calculate the highest common divisor of 512201 and 4883.
257
Calculate the greatest common divisor of 9 and 39807.
9
What is the greatest common factor of 855 and 270?
45
What is the highest common factor of 55 and 10160?
5
Calculate the greatest common divisor of 313655 and 40.
5
What is the greatest common factor of 640 and 27920?
80
Calculate the greatest common factor of 1645 and 272083.
329
Calculate the highest common factor of 32 and 543200.
32
Calculate the greatest common factor of 54567 and 47.
47
Calculate the greatest common divisor of 282 and 468.
6
What is the greatest common factor of 831 and 21329?
277
Calculate the highest common divisor of 157654 and 448.
14
What is the greatest common factor of 101993 and 464?
29
Calculate the highest common divisor of 14 and 2746.
2
Calculate the greatest common divisor of 201210 and 30.
30
What is the greatest common factor of 528 and 357648?
48
What is the highest common divisor of 78751 and 1403?
61
Calculate the greatest common divisor of 56680 and 36660.
260
Calculate the greatest common divisor of 57 and 1808553.
57
What is the highest common divisor of 901 and 11322?
17
Calculate the greatest common factor of 555 and 1005845.
185
Calculate the highest common divisor of 17620 and 80.
20
Calculate the greatest common divisor of 48 and 1704.
24
Calculate the greatest common factor of 3588 and 1577823.
897
Calculate the greatest common divisor of 87139 and 741.
13
What is the highest common divisor of 165905 and 10?
5
Calculate the greatest common divisor of 8 and 3717992.
8
What is the greatest common divisor of 545 and 588927?
109
What is the highest common factor of 2431 and 1144?
143
Calculate the highest common factor of 14322 and 8337.
21
What is the highest common factor of 253 and 8536?
11
What is the highest common divisor of 21749 and 21?
7
What is the greatest common divisor of 2897 and 3?
1
Calculate the highest common factor of 12 and 866004.
12
Calculate the greatest common factor of 72 and 210744.
72
Calculate the greatest common divisor of 428794 and 58.
58
What is the highest common divisor of 3069 and 11916?
9
What is the highest common factor of 48 and 16200?
24
What is the highest common divisor of 1344 and 4732?
28
What is the highest common factor of 1140723 and 162?
81
Calculate the highest common divisor of 6153357 and 21.
21
Calculate the greatest common divisor of 267380 and 58.
58
What is the greatest common factor of 509736 and 1876?
268
Calculate the greatest common divisor of 160 and 84416.
32
Calculate the highest common factor of 10 and 53725.
5
Calculate the greatest common factor of 295501 and 4487.
641
Calculate the greatest common factor of 2718 and 9171.
9
Calculate the greatest common factor of 94097 and 365.
73
Calculate the highest common factor of 53583 and 1431.
159
What is the greatest common factor of 9053 and 232086?
823
What is the highest common factor of 2272 and 2016?
32
Calculate the greatest common factor of 143 and 5486.
13
Calculate the highest common divisor of 120 and 147480.
120
What is the greatest common divisor of 704 and 10340?
44
What is the highest common divisor of 14205 and 6?
3
Calculate the highest common divisor of 33558 and 10152.
282
What is the highest common factor of 9 and 206937?
9
What is the highest common factor of 7503146 and 14?
14
What is the greatest common divisor of 385 and 5200195?
385
What is the highest common factor of 1524 and 950468?
508
Calculate the greatest common divisor of 1683 and 38016.
99
What is the highest common divisor of 2076789 and 309?
309
Calculate the greatest common divisor of 9 and 17737.
1
What is the highest common divisor of 415136 and 32?
32
Calculate the greatest common divisor of 88489 and 856.
107
Calculate the highest common divisor of 7981 and 2875.
23
Calculate the highest common divisor of 8915072 and 867.
289
What is the greatest common factor of 784953 and 9?
9
Calculate the highest common divisor of 14966 and 112.
14
What is the greatest common divisor of 210 and 245?
35
Calculate the greatest common factor of 626989 and 11.
11
Calculate the highest common factor of 1065 and 6750.
15
Calculate the highest common factor of 21219 and 99.
33
Calculate the highest common divisor of 264781 and 209.
11
Calculate the greatest common factor of 38781 and 1612.
31
What is the greatest common divisor of 5 and 165570?
5
Calculate the greatest common factor of 16 and 1323712.
16
What is the highest common divisor of 1764 and 7308?
252
Calculate the highest common divisor of 2410 and 152794.
482
What is the highest common factor of 11647 and 95?
19
What is the greatest common factor of 7062 and 1221?
33
Calculate the greatest common divisor of 9775 and 14807.
17
Calculate the highest common factor of 102012 and 12.
12
What is the highest common divisor of 36 and 708?
12
What is the highest common divisor of 58070 and 610?
10
What is the highest common divisor of 47 and 13583?
47
What is the greatest common factor of 68119 and 34?
17
Calculate the greatest common factor of 421296 and 384.
48
Calculate the highest common factor of 3674304 and 576.
576
What is the greatest common divisor of 387608 and 3848?
104
Calculate the greatest common factor of 4551 and 2501.
41
Calculate the highest common factor of 18142635 and 105.
105
Calculate the highest common factor of 54350 and 26000.
50
Calculate the greatest common factor of 650 and 22555.
65
What is the highest common divisor of 1995 and 6720?
105
Calculate the greatest common factor of 3616 and 5311.
113
What is the highest common divisor of 5175 and 483?
69
What is the highest common divisor of 108863 and 8?
1
What is the highest common divisor of 632234 and 20042?
1822
Calculate the highest common divisor of 307020 and 168.
84
What is the highest common factor of 4462 and 11446?
194
Calculate the greatest common factor of 196206 and 318.
318
Calculate the greatest common divisor of 529408 and 32.
32
Calculate the highest common divisor of 5397 and 63.
21
Calculate the greatest common divisor of 172 and 14.
2
Calculate the greatest common divisor of 13 and 138541.
13
What is the highest common divisor of 14725 and 23275?
475
What is the greatest common divisor of 23 and 636893?
23
What is the greatest common factor of 109274 and 407?
11
What is the highest common divisor of 18632 and 2466?
274
Calculate the greatest common factor of 170405 and 15760.
985
What is the highest common factor of 25404 and 30?
6
Calculate the highest common factor of 318 and 15882.
6
What is the highest common divisor of 13524 and 83881?
161
What is the greatest common divisor of 404928 and 8?
8
Calculate the greatest common divisor of 297585 and 1275.
255
Calculate the highest common divisor of 456 and 143336.
152
Calculate the greatest common divisor of 831234 and 496.
62
Calculate the greatest common factor of 11440 and 37609.
143
Calculate the highest common divisor of 1938249 and 18.
9
Calculate the greatest common factor of 428292 and 288.
36
What is the highest common divisor of 30933 and 333?
9
What is the highest common divisor of 459 and 3375?
27
Calculate the greatest common divisor of 1824 and 1074.
6
Calculate the greatest common divisor 